What is the highest common divisor of 574 and 203?
7
What is the highest common divisor of 8897 and 217?
217
Calculate the greatest common divisor of 208733 and 21.
7
What is the highest common factor of 1170 and 386685?
585
What is the highest common factor of 202927 and 3966?
661
Calculate the highest common divisor of 2500 and 967500.
2500
What is the highest common factor of 77467 and 40703?
1313
Calculate the greatest common factor of 5568 and 408.
24
Calculate the highest common divisor of 5873 and 63.
7
Calculate the highest common divisor of 466 and 282862.
466
Calculate the highest common divisor of 230 and 8302885.
115
Calculate the greatest common divisor of 198 and 45837.
99
Calculate the greatest common divisor of 612332 and 42.
14
Calculate the highest common factor of 113165 and 845.
65
What is the greatest common factor of 10846 and 7854?
374
Calculate the greatest common divisor of 8 and 3758.
2
Calculate the highest common divisor of 100 and 1996.
4
Calculate the greatest common divisor of 15950 and 10208.
638
Calculate the highest common divisor of 35664 and 1536.
48
What is the greatest common factor of 87694 and 19234?
326
Calculate the highest common factor of 243 and 45.
9
What is the greatest common divisor of 3591 and 380?
19
Calculate the highest common divisor of 343 and 657531.
343
Calculate the highest common divisor of 285600 and 200.
200
What is the greatest common divisor of 126 and 20118?
42
Calculate the greatest common divisor of 816 and 220092.
12
What is the greatest common factor of 27 and 1256031?
9
Calculate the highest common divisor of 736 and 4439.
23
What is the highest common factor of 1030050 and 109?
109
What is the greatest common factor of 1110 and 1620?
30
Calculate the highest common divisor of 553046 and 956.
478
Calculate the greatest common factor of 1564 and 121601.
391
What is the highest common divisor of 45 and 54975?
15
Calculate the greatest common divisor of 561 and 480777.
561
Calculate the greatest common divisor of 828 and 355488.
276
What is the greatest common divisor of 1120815 and 135?
45
What is the highest common factor of 13261 and 712?
89
What is the highest common divisor of 23696 and 128?
16
Calculate the greatest common divisor of 252 and 126945.
63
What is the greatest common divisor of 20470 and 40?
10
What is the greatest common factor of 793 and 4?
1
Calculate the highest common divisor of 724463 and 955.
191
Calculate the greatest common factor of 2944 and 1357.
23
Calculate the greatest common factor of 59775 and 146648.
797
Calculate the highest common divisor of 125 and 5450.
25
What is the greatest common factor of 168 and 786128?
56
What is the highest common factor of 1974 and 5959506?
1974
Calculate the highest common factor of 14 and 225386.
14
Calculate the highest common factor of 1 and 96923.
1
What is the greatest common factor of 203712 and 2112?
192
Calculate the highest common factor of 270 and 385630.
10
Calculate the greatest common factor of 529 and 4448361.
529
Calculate the highest common factor of 35893 and 9581.
143
Calculate the highest common factor of 2486 and 266906.
226
Calculate the greatest common factor of 36 and 294003.
9
What is the highest common divisor of 30990 and 2280?
30
Calculate the greatest common divisor of 288 and 689056.
32
What is the highest common divisor of 1161 and 107586?
387
What is the greatest common factor of 266 and 30744?
14
What is the highest common factor of 494160 and 150?
30
What is the greatest common factor of 71628 and 6392?
188
What is the highest common divisor of 8132 and 893?
19
Calculate the highest common divisor of 45 and 1181445.
15
What is the greatest common factor of 110 and 46255?
55
Calculate the highest common divisor of 12338 and 310.
62
Calculate the greatest common factor of 2745633 and 2508.
627
Calculate the highest common factor of 54 and 7101.
27
Calculate the highest common divisor of 5850163 and 11.
11
What is the highest common factor of 78 and 171834?
78
What is the greatest common factor of 700 and 2773400?
700
Calculate the greatest common factor of 175171 and 32659.
2969
Calculate the highest common divisor of 67 and 39262.
67
What is the highest common factor of 10633 and 589?
31
What is the greatest common factor of 48 and 80848?
16
What is the highest common divisor of 247485 and 35?
35
What is the greatest common divisor of 168 and 2121?
21
Calculate the greatest common factor of 14 and 1447936.
14
What is the greatest common factor of 299 and 33904?
13
What is the greatest common divisor of 5833 and 156570?
307
What is the greatest common divisor of 250551 and 1148?
287
Calculate the highest common divisor of 10582 and 858.
286
What is the highest common divisor of 441 and 2716?
7
What is the greatest common divisor of 1592204 and 172?
172
What is the greatest common factor of 365 and 1265455?
365
What is the highest common factor of 313 and 5947?
313
Calculate the greatest common divisor of 93081 and 207.
69
Calculate the greatest common factor of 837108 and 207.
207
What is the highest common factor of 3038 and 2156?
98
Calculate the greatest common factor of 195523 and 46.
23
Calculate the greatest common factor of 3836947 and 59.
59
What is the greatest common divisor of 927 and 22383?
9
Calculate the highest common divisor of 5 and 200115.
5
What is the greatest common factor of 310828 and 2380?
476
What is the greatest common factor of 9 and 3753?
9
What is the greatest common factor of 1078 and 1151689?
77
What is the highest common divisor of 124055 and 473?
43
Calculate the highest common divisor of 25 and 305075.
25
Calculate the greatest common factor of 863 and 1631070.
863
What is the highest common factor of 232026 and 6?
6
Calculate the greatest common divisor of 42 and 68194.
14
Calculate the greatest common factor of 68 and 87431.
17
Calculate the highest common factor of 1946 and 2003824.
278
Calculate the greatest common divisor of 15407 and 2883.
31
What is the highest common factor of 630 and 3671010?
630
What is the greatest common factor of 31775 and 31?
31
Calculate the greatest common divisor of 938106 and 190.
38
What is the greatest common divisor of 27 and 2328057?
9
What is the highest common divisor of 63 and 61929?
63
What is the greatest common factor of 171833 and 4991?
713
What is the highest common factor of 32 and 255056?
16
Calculate the highest common divisor of 7056000 and 420.
420
What is the highest common divisor of 2145 and 3960?
165
What is the highest common factor of 216 and 824?
8
What is the highest common divisor of 657904 and 192?
16
What is the greatest common factor of 666293 and 97?
97
Calculate the greatest common divisor of 9488872 and 296.
296
Calculate the greatest common factor of 79 and 243557.
79
What is the greatest common factor of 369 and 23083?
41
Calculate the greatest common divisor of 634695 and 1179.
393
What is the highest common factor of 31 and 114607?
31
Calculate the greatest common divisor of 209 and 44957.
11
Calculate the highest common divisor of 4699 and 2286.
127
What is the highest common factor of 16 and 81704?
8
What is the greatest common factor of 325 and 78221?
13
Calculate the highest common factor of 38488 and 51.
17
Calculate the highest common divisor of 19092 and 6837.
129
What is the highest common factor of 106197 and 273?
273
What is the greatest common divisor of 16132 and 407?
37
What is the highest common factor of 3962 and 14?
14
Calculate the greatest common divisor of 15 and 3825885.
15
Calculate the greatest common factor of 348 and 2071731.
87
Calculate the greatest common factor of 2046 and 11154.
66
What is the greatest common divisor of 293103 and 58?
29
What is the greatest common factor of 35553 and 14?
7
Calculate the highest common factor of 3431 and 47.
47
Calculate the highest common factor of 874076 and 1330.
266
Calculate the highest common divisor of 16455 and 4140.
15
What is the highest common divisor of 70 and 30618?
14
What is the greatest common divisor of 4041 and 63?
9
Calculate the greatest common divisor of 98 and 15687.
7
What is the greatest common factor of 2128 and 41648?
304
Calculate the highest common divisor of 58305 and 270.
15
What is 